{"id":38,"date":"2024-03-18T19:01:15","date_gmt":"2024-03-18T18:01:15","guid":{"rendered":"https:\/\/labs.grupoperinola.site\/Eurorepuestos\/?page_id=38"},"modified":"2024-12-20T11:07:09","modified_gmt":"2024-12-20T17:07:09","slug":"taller","status":"publish","type":"page","link":"https:\/\/eurorepuestos.com\/site\/taller\/","title":{"rendered":"TALLER"},"content":{"rendered":"\t\t<div data-elementor-type=\"wp-page\" data-elementor-id=\"38\" class=\"elementor elementor-38\" data-elementor-post-type=\"page\">\n\t\t\t\t<div class=\"elementor-element elementor-element-f35cf80 e-con-full e-flex e-con e-parent\" data-id=\"f35cf80\" data-element_type=\"container\" data-settings=\"{&quot;background_background&quot;:&quot;classic&quot;}\">\n\t\t\t\t<div class=\"elementor-element elementor-element-c976a48 elementor-widget elementor-widget-heading\" data-id=\"c976a48\" data-element_type=\"widget\" data-widget_type=\"heading.default\">\n\t\t\t\t<div class=\"elementor-widget-container\">\n\t\t\t\t\t<h2 class=\"elementor-heading-title elementor-size-default\">TALLER<\/h2>\t\t\t\t<\/div>\n\t\t\t\t<\/div>\n\t\t\t\t<\/div>\n\t\t<div class=\"elementor-element elementor-element-6878b67 e-flex e-con-boxed e-con e-parent\" data-id=\"6878b67\" data-element_type=\"container\">\n\t\t\t\t\t<div class=\"e-con-inner\">\n\t\t<div class=\"elementor-element elementor-element-c08eda3 e-con-full e-flex e-con e-child\" data-id=\"c08eda3\" data-element_type=\"container\">\n\t\t\t\t<div class=\"elementor-element elementor-element-c7db3c6 elementor-widget elementor-widget-image\" data-id=\"c7db3c6\" data-element_type=\"widget\" data-widget_type=\"image.default\">\n\t\t\t\t<div class=\"elementor-widget-container\">\n\t\t\t\t\t\t\t\t\t\t\t\t\t\t\t<img fetchpriority=\"high\" decoding=\"async\" width=\"800\" height=\"534\" src=\"https:\/\/eurorepuestos.com\/site\/wp-content\/uploads\/2024\/03\/mid-section-mechanic-holding-wrench-tool-1024x683.jpg\" class=\"attachment-large size-large wp-image-203\" alt=\"\" srcset=\"https:\/\/eurorepuestos.com\/site\/wp-content\/uploads\/2024\/03\/mid-section-mechanic-holding-wrench-tool-1024x683.jpg 1024w, https:\/\/eurorepuestos.com\/site\/wp-content\/uploads\/2024\/03\/mid-section-mechanic-holding-wrench-tool-300x200.jpg 300w, https:\/\/eurorepuestos.com\/site\/wp-content\/uploads\/2024\/03\/mid-section-mechanic-holding-wrench-tool-768x512.jpg 768w, https:\/\/eurorepuestos.com\/site\/wp-content\/uploads\/2024\/03\/mid-section-mechanic-holding-wrench-tool-1536x1024.jpg 1536w, https:\/\/eurorepuestos.com\/site\/wp-content\/uploads\/2024\/03\/mid-section-mechanic-holding-wrench-tool-2048x1365.jpg 2048w, https:\/\/eurorepuestos.com\/site\/wp-content\/uploads\/2024\/03\/mid-section-mechanic-holding-wrench-tool-600x400.jpg 600w\" sizes=\"(max-width: 800px) 100vw, 800px\" \/>\t\t\t\t\t\t\t\t\t\t\t\t\t\t\t<\/div>\n\t\t\t\t<\/div>\n\t\t\t\t<\/div>\n\t\t<div class=\"elementor-element elementor-element-0d56dd4 e-con-full e-flex e-con e-child\" data-id=\"0d56dd4\" data-element_type=\"container\">\n\t\t\t\t<div class=\"elementor-element elementor-element-95f0430 elementor-widget elementor-widget-image\" data-id=\"95f0430\" data-element_type=\"widget\" data-widget_type=\"image.default\">\n\t\t\t\t<div class=\"elementor-widget-container\">\n\t\t\t\t\t\t\t\t\t\t\t\t\t\t\t<img decoding=\"async\" width=\"300\" height=\"212\" src=\"https:\/\/eurorepuestos.com\/site\/wp-content\/uploads\/2024\/03\/Logo-PNG-FS-300x212.png\" class=\"attachment-medium size-medium wp-image-204\" alt=\"\" srcset=\"https:\/\/eurorepuestos.com\/site\/wp-content\/uploads\/2024\/03\/Logo-PNG-FS-300x212.png 300w, https:\/\/eurorepuestos.com\/site\/wp-content\/uploads\/2024\/03\/Logo-PNG-FS-768x544.png 768w, https:\/\/eurorepuestos.com\/site\/wp-content\/uploads\/2024\/03\/Logo-PNG-FS-600x425.png 600w, https:\/\/eurorepuestos.com\/site\/wp-content\/uploads\/2024\/03\/Logo-PNG-FS.png 842w\" sizes=\"(max-width: 300px) 100vw, 300px\" \/>\t\t\t\t\t\t\t\t\t\t\t\t\t\t\t<\/div>\n\t\t\t\t<\/div>\n\t\t\t\t<div class=\"elementor-element elementor-element-037364b elementor-widget elementor-widget-text-editor\" data-id=\"037364b\" data-element_type=\"widget\" data-widget_type=\"text-editor.default\">\n\t\t\t\t<div class=\"elementor-widget-container\">\n\t\t\t\t\t\t\t\t\t<p><span class=\"TextRun SCXW78020992 BCX0\" lang=\"ES-ES\" xml:lang=\"ES-ES\" data-contrast=\"auto\"><span class=\"NormalTextRun SCXW78020992 BCX0\">Somos un taller de mec\u00e1nica profesional, trabajamos todas las marcas de veh\u00edculos y ofrecemos servicios de agencia a precios accesibles, brindamos diagn\u00f3stico y asesor\u00eda personalizada a nuestros clientes.<\/span><\/span><span class=\"EOP SCXW78020992 BCX0\" data-ccp-props=\"{&quot;201341983&quot;:0,&quot;335559739&quot;:160,&quot;335559740&quot;:259}\">\u00a0<\/span><\/p>\t\t\t\t\t\t\t\t<\/div>\n\t\t\t\t<\/div>\n\t\t\t\t<\/div>\n\t\t\t\t\t<\/div>\n\t\t\t\t<\/div>\n\t\t<div class=\"elementor-element elementor-element-8810cc0 e-con-full e-flex e-con e-parent\" data-id=\"8810cc0\" data-element_type=\"container\">\n\t\t\t\t<div class=\"elementor-element elementor-element-3769ee3 elementor-arrows-position-inside elementor-pagination-position-outside elementor-widget elementor-widget-image-carousel\" data-id=\"3769ee3\" data-element_type=\"widget\" data-settings=\"{&quot;image_spacing_custom&quot;:{&quot;unit&quot;:&quot;px&quot;,&quot;size&quot;:13,&quot;sizes&quot;:[]},&quot;navigation&quot;:&quot;both&quot;,&quot;autoplay&quot;:&quot;yes&quot;,&quot;pause_on_hover&quot;:&quot;yes&quot;,&quot;pause_on_interaction&quot;:&quot;yes&quot;,&quot;autoplay_speed&quot;:5000,&quot;infinite&quot;:&quot;yes&quot;,&quot;speed&quot;:500,&quot;image_spacing_custom_tablet&quot;:{&quot;unit&quot;:&quot;px&quot;,&quot;size&quot;:&quot;&quot;,&quot;sizes&quot;:[]},&quot;image_spacing_custom_mobile&quot;:{&quot;unit&quot;:&quot;px&quot;,&quot;size&quot;:&quot;&quot;,&quot;sizes&quot;:[]}}\" data-widget_type=\"image-carousel.default\">\n\t\t\t\t<div class=\"elementor-widget-container\">\n\t\t\t\t\t\t\t<div class=\"elementor-image-carousel-wrapper swiper\" role=\"region\" aria-roledescription=\"carousel\" aria-label=\"Carrusel de im\u00e1genes\" dir=\"ltr\">\n\t\t\t<div class=\"elementor-image-carousel swiper-wrapper\" aria-live=\"off\">\n\t\t\t\t\t\t\t\t<div class=\"swiper-slide\" role=\"group\" aria-roledescription=\"slide\" aria-label=\"1 de 13\"><figure class=\"swiper-slide-inner\"><img decoding=\"async\" class=\"swiper-slide-image\" src=\"https:\/\/eurorepuestos.com\/site\/wp-content\/uploads\/2024\/03\/3-1024x1024.png\" alt=\"3\" \/><\/figure><\/div><div class=\"swiper-slide\" role=\"group\" aria-roledescription=\"slide\" aria-label=\"2 de 13\"><figure class=\"swiper-slide-inner\"><img decoding=\"async\" class=\"swiper-slide-image\" src=\"https:\/\/eurorepuestos.com\/site\/wp-content\/uploads\/2024\/03\/4-1024x1024.png\" alt=\"4\" \/><\/figure><\/div><div class=\"swiper-slide\" role=\"group\" aria-roledescription=\"slide\" aria-label=\"3 de 13\"><figure class=\"swiper-slide-inner\"><img decoding=\"async\" class=\"swiper-slide-image\" src=\"https:\/\/eurorepuestos.com\/site\/wp-content\/uploads\/2024\/03\/5-1-1024x1024.png\" alt=\"5 (1)\" \/><\/figure><\/div><div class=\"swiper-slide\" role=\"group\" aria-roledescription=\"slide\" aria-label=\"4 de 13\"><figure class=\"swiper-slide-inner\"><img decoding=\"async\" class=\"swiper-slide-image\" src=\"https:\/\/eurorepuestos.com\/site\/wp-content\/uploads\/2024\/03\/5-1024x1024.png\" alt=\"5\" \/><\/figure><\/div><div class=\"swiper-slide\" role=\"group\" aria-roledescription=\"slide\" aria-label=\"5 de 13\"><figure class=\"swiper-slide-inner\"><img decoding=\"async\" class=\"swiper-slide-image\" src=\"https:\/\/eurorepuestos.com\/site\/wp-content\/uploads\/2024\/03\/6-1024x1024.png\" alt=\"6\" \/><\/figure><\/div><div class=\"swiper-slide\" role=\"group\" aria-roledescription=\"slide\" aria-label=\"6 de 13\"><figure class=\"swiper-slide-inner\"><img decoding=\"async\" class=\"swiper-slide-image\" src=\"https:\/\/eurorepuestos.com\/site\/wp-content\/uploads\/2024\/03\/7-2-1-1024x1024.png\" alt=\"7-2 (1)\" \/><\/figure><\/div><div class=\"swiper-slide\" role=\"group\" aria-roledescription=\"slide\" aria-label=\"7 de 13\"><figure class=\"swiper-slide-inner\"><img decoding=\"async\" class=\"swiper-slide-image\" src=\"https:\/\/eurorepuestos.com\/site\/wp-content\/uploads\/2024\/03\/7-2-1024x1024.png\" alt=\"7-2\" \/><\/figure><\/div><div class=\"swiper-slide\" role=\"group\" aria-roledescription=\"slide\" aria-label=\"8 de 13\"><figure class=\"swiper-slide-inner\"><img decoding=\"async\" class=\"swiper-slide-image\" src=\"https:\/\/eurorepuestos.com\/site\/wp-content\/uploads\/2024\/03\/8-2-1024x1024.png\" alt=\"8-2\" \/><\/figure><\/div><div class=\"swiper-slide\" role=\"group\" aria-roledescription=\"slide\" aria-label=\"9 de 13\"><figure class=\"swiper-slide-inner\"><img decoding=\"async\" class=\"swiper-slide-image\" src=\"https:\/\/eurorepuestos.com\/site\/wp-content\/uploads\/2024\/03\/9-2-1024x1024.png\" alt=\"9-2\" \/><\/figure><\/div><div class=\"swiper-slide\" role=\"group\" aria-roledescription=\"slide\" aria-label=\"10 de 13\"><figure class=\"swiper-slide-inner\"><img decoding=\"async\" class=\"swiper-slide-image\" src=\"https:\/\/eurorepuestos.com\/site\/wp-content\/uploads\/2024\/03\/10-1024x1024.png\" alt=\"10\" \/><\/figure><\/div><div class=\"swiper-slide\" role=\"group\" aria-roledescription=\"slide\" aria-label=\"11 de 13\"><figure class=\"swiper-slide-inner\"><img decoding=\"async\" class=\"swiper-slide-image\" src=\"https:\/\/eurorepuestos.com\/site\/wp-content\/uploads\/2024\/03\/11-2-1024x1024.png\" alt=\"11-2\" \/><\/figure><\/div><div class=\"swiper-slide\" role=\"group\" aria-roledescription=\"slide\" aria-label=\"12 de 13\"><figure class=\"swiper-slide-inner\"><img decoding=\"async\" class=\"swiper-slide-image\" src=\"https:\/\/eurorepuestos.com\/site\/wp-content\/uploads\/2024\/03\/12-1-1-1024x1024.png\" alt=\"12-1 (1)\" \/><\/figure><\/div><div class=\"swiper-slide\" role=\"group\" aria-roledescription=\"slide\" aria-label=\"13 de 13\"><figure class=\"swiper-slide-inner\"><img decoding=\"async\" class=\"swiper-slide-image\" src=\"https:\/\/eurorepuestos.com\/site\/wp-content\/uploads\/2024\/03\/12-1-1024x1024.png\" alt=\"12-1\" \/><\/figure><\/div>\t\t\t<\/div>\n\t\t\t\t\t\t\t\t\t\t\t\t<div class=\"elementor-swiper-button elementor-swiper-button-prev\" role=\"button\" tabindex=\"0\">\n\t\t\t\t\t\t<svg aria-hidden=\"true\" class=\"e-font-icon-svg e-eicon-chevron-left\" viewBox=\"0 0 1000 1000\" xmlns=\"http:\/\/www.w3.org\/2000\/svg\"><path d=\"M646 125C629 125 613 133 604 142L308 442C296 454 292 471 292 487 292 504 296 521 308 533L604 854C617 867 629 875 646 875 663 875 679 871 692 858 704 846 713 829 713 812 713 796 708 779 692 767L438 487 692 225C700 217 708 204 708 187 708 171 704 154 692 142 675 129 663 125 646 125Z\"><\/path><\/svg>\t\t\t\t\t<\/div>\n\t\t\t\t\t<div class=\"elementor-swiper-button elementor-swiper-button-next\" role=\"button\" tabindex=\"0\">\n\t\t\t\t\t\t<svg aria-hidden=\"true\" class=\"e-font-icon-svg e-eicon-chevron-right\" viewBox=\"0 0 1000 1000\" xmlns=\"http:\/\/www.w3.org\/2000\/svg\"><path d=\"M696 533C708 521 713 504 713 487 713 471 708 454 696 446L400 146C388 133 375 125 354 125 338 125 325 129 313 142 300 154 292 171 292 187 292 204 296 221 308 233L563 492 304 771C292 783 288 800 288 817 288 833 296 850 308 863 321 871 338 875 354 875 371 875 388 867 400 854L696 533Z\"><\/path><\/svg>\t\t\t\t\t<\/div>\n\t\t\t\t\n\t\t\t\t\t\t\t\t\t<div class=\"swiper-pagination\"><\/div>\n\t\t\t\t\t\t\t\t\t<\/div>\n\t\t\t\t\t\t<\/div>\n\t\t\t\t<\/div>\n\t\t\t\t<\/div>\n\t\t<div class=\"elementor-element elementor-element-6d2ce66 e-flex e-con-boxed e-con e-parent\" data-id=\"6d2ce66\" data-element_type=\"container\" data-settings=\"{&quot;background_background&quot;:&quot;classic&quot;}\">\n\t\t\t\t\t<div class=\"e-con-inner\">\n\t\t<div class=\"elementor-element elementor-element-0069a51 e-con-full e-flex e-con e-child\" data-id=\"0069a51\" data-element_type=\"container\">\n\t\t\t\t<\/div>\n\t\t<div class=\"elementor-element elementor-element-b359dfb e-con-full e-flex e-con e-child\" data-id=\"b359dfb\" data-element_type=\"container\" data-settings=\"{&quot;background_background&quot;:&quot;classic&quot;}\">\n\t\t\t\t<div class=\"elementor-element elementor-element-334f2b3 elementor-widget elementor-widget-heading\" data-id=\"334f2b3\" data-element_type=\"widget\" data-widget_type=\"heading.default\">\n\t\t\t\t<div class=\"elementor-widget-container\">\n\t\t\t\t\t<h2 class=\"elementor-heading-title elementor-size-default\">AGENDA TU CITA<\/h2>\t\t\t\t<\/div>\n\t\t\t\t<\/div>\n\t\t\t\t<div class=\"elementor-element elementor-element-5038362 elementor-button-align-stretch elementor-widget elementor-widget-form\" data-id=\"5038362\" data-element_type=\"widget\" data-settings=\"{&quot;step_next_label&quot;:&quot;Next&quot;,&quot;step_previous_label&quot;:&quot;Previous&quot;,&quot;button_width&quot;:&quot;100&quot;,&quot;step_type&quot;:&quot;number_text&quot;,&quot;step_icon_shape&quot;:&quot;circle&quot;}\" data-widget_type=\"form.default\">\n\t\t\t\t<div class=\"elementor-widget-container\">\n\t\t\t\t\t\t\t<form class=\"elementor-form\" method=\"post\" name=\"REALIZA TU CITA\">\n\t\t\t<input type=\"hidden\" name=\"post_id\" value=\"38\"\/>\n\t\t\t<input type=\"hidden\" name=\"form_id\" value=\"5038362\"\/>\n\t\t\t<input type=\"hidden\" name=\"referer_title\" value=\"\" \/>\n\n\t\t\t\n\t\t\t<div class=\"elementor-form-fields-wrapper elementor-labels-above\">\n\t\t\t\t\t\t\t\t<div class=\"elementor-field-type-text elementor-field-group elementor-column elementor-field-group-name elementor-col-100 elementor-field-required elementor-mark-required\">\n\t\t\t\t\t\t\t\t\t\t\t\t<label for=\"form-field-name\" class=\"elementor-field-label\">\n\t\t\t\t\t\t\t\tNombre Completo\t\t\t\t\t\t\t<\/label>\n\t\t\t\t\t\t\t\t\t\t\t\t\t\t<input size=\"1\" type=\"text\" name=\"form_fields[name]\" id=\"form-field-name\" class=\"elementor-field elementor-size-sm  elementor-field-textual\" placeholder=\"Nombre Completo\" required=\"required\" aria-required=\"true\">\n\t\t\t\t\t\t\t\t\t\t\t<\/div>\n\t\t\t\t\t\t\t\t<div class=\"elementor-field-type-number elementor-field-group elementor-column elementor-field-group-email elementor-col-50 elementor-field-required elementor-mark-required\">\n\t\t\t\t\t\t\t\t\t\t\t\t<label for=\"form-field-email\" class=\"elementor-field-label\">\n\t\t\t\t\t\t\t\tTel\u00e9fono\t\t\t\t\t\t\t<\/label>\n\t\t\t\t\t\t\t\t\t<input type=\"number\" name=\"form_fields[email]\" id=\"form-field-email\" class=\"elementor-field elementor-size-sm  elementor-field-textual\" placeholder=\"(+502) 4444-4444\" required=\"required\" aria-required=\"true\" min=\"\" max=\"\" >\n\t\t\t\t\t\t<\/div>\n\t\t\t\t\t\t\t\t<div class=\"elementor-field-type-email elementor-field-group elementor-column elementor-field-group-field_c66d3ef elementor-col-50 elementor-field-required elementor-mark-required\">\n\t\t\t\t\t\t\t\t\t\t\t\t<label for=\"form-field-field_c66d3ef\" class=\"elementor-field-label\">\n\t\t\t\t\t\t\t\tCorreo Electr\u00f3nico\t\t\t\t\t\t\t<\/label>\n\t\t\t\t\t\t\t\t\t\t\t\t\t\t<input size=\"1\" type=\"email\" name=\"form_fields[field_c66d3ef]\" id=\"form-field-field_c66d3ef\" class=\"elementor-field elementor-size-sm  elementor-field-textual\" placeholder=\"correo@tucorreo.com\" required=\"required\" aria-required=\"true\">\n\t\t\t\t\t\t\t\t\t\t\t<\/div>\n\t\t\t\t\t\t\t\t<div class=\"elementor-field-type-checkbox elementor-field-group elementor-column elementor-field-group-field_d84e554 elementor-col-100\">\n\t\t\t\t\t\t\t\t\t\t\t\t<label for=\"form-field-field_d84e554\" class=\"elementor-field-label\">\n\t\t\t\t\t\t\t\tServicio\t\t\t\t\t\t\t<\/label>\n\t\t\t\t\t\t<div class=\"elementor-field-subgroup  elementor-subgroup-inline\"><span class=\"elementor-field-option\"><input type=\"checkbox\" value=\"Mec\u00e1nica General\" id=\"form-field-field_d84e554-0\" name=\"form_fields[field_d84e554][]\"> <label for=\"form-field-field_d84e554-0\">Mec\u00e1nica General<\/label><\/span><span class=\"elementor-field-option\"><input type=\"checkbox\" value=\"Servicio de Esc\u00e1ner electr\u00f3nico\" id=\"form-field-field_d84e554-1\" name=\"form_fields[field_d84e554][]\"> <label for=\"form-field-field_d84e554-1\">Servicio de Esc\u00e1ner electr\u00f3nico<\/label><\/span><span class=\"elementor-field-option\"><input type=\"checkbox\" value=\"Aire Acondicionado \" id=\"form-field-field_d84e554-2\" name=\"form_fields[field_d84e554][]\"> <label for=\"form-field-field_d84e554-2\">Aire Acondicionado <\/label><\/span><span class=\"elementor-field-option\"><input type=\"checkbox\" value=\"Enderezado y Pintura\" id=\"form-field-field_d84e554-3\" name=\"form_fields[field_d84e554][]\"> <label for=\"form-field-field_d84e554-3\">Enderezado y Pintura<\/label><\/span><span class=\"elementor-field-option\"><input type=\"checkbox\" value=\"Certificaci\u00f3n vehicular\" id=\"form-field-field_d84e554-4\" name=\"form_fields[field_d84e554][]\"> <label for=\"form-field-field_d84e554-4\">Certificaci\u00f3n vehicular<\/label><\/span><\/div>\t\t\t\t<\/div>\n\t\t\t\t\t\t\t\t<div class=\"elementor-field-type-textarea elementor-field-group elementor-column elementor-field-group-message elementor-col-100\">\n\t\t\t\t\t\t\t\t\t\t\t\t<label for=\"form-field-message\" class=\"elementor-field-label\">\n\t\t\t\t\t\t\t\tMensaje\t\t\t\t\t\t\t<\/label>\n\t\t\t\t\t\t<textarea class=\"elementor-field-textual elementor-field  elementor-size-sm\" name=\"form_fields[message]\" id=\"form-field-message\" rows=\"5\" placeholder=\"Mensaje\"><\/textarea>\t\t\t\t<\/div>\n\t\t\t\t\t\t\t\t<div class=\"elementor-field-type-recaptcha_v3 elementor-field-group elementor-column elementor-field-group-field_6507127 elementor-col-100 recaptcha_v3-inline\">\n\t\t\t\t\t<div class=\"elementor-field\" id=\"form-field-field_6507127\"><div class=\"elementor-g-recaptcha\" data-sitekey=\"6LdCPsgpAAAAAMVUaPAALO-FjT8CEU-bNZD74N5c\" data-type=\"v3\" data-action=\"Form\" data-badge=\"inline\" data-size=\"invisible\"><\/div><\/div>\t\t\t\t<\/div>\n\t\t\t\t\t\t\t\t<div class=\"elementor-field-group elementor-column elementor-field-type-submit elementor-col-100 e-form__buttons\">\n\t\t\t\t\t<button class=\"elementor-button elementor-size-sm\" type=\"submit\">\n\t\t\t\t\t\t<span class=\"elementor-button-content-wrapper\">\n\t\t\t\t\t\t\t\t\t\t\t\t\t\t\t\t\t\t\t\t\t\t<span class=\"elementor-button-text\">HAZ TU CITA<\/span>\n\t\t\t\t\t\t\t\t\t\t\t\t\t<\/span>\n\t\t\t\t\t<\/button>\n\t\t\t\t<\/div>\n\t\t\t<\/div>\n\t\t<\/form>\n\t\t\t\t\t\t<\/div>\n\t\t\t\t<\/div>\n\t\t\t\t<div class=\"elementor-element elementor-element-139d6b1 elementor-widget elementor-widget-text-editor\" data-id=\"139d6b1\" data-element_type=\"widget\" data-widget_type=\"text-editor.default\">\n\t\t\t\t<div class=\"elementor-widget-container\">\n\t\t\t\t\t\t\t\t\t<p><i><span style=\"font-weight: 400;\">*Los datos recopilados en este formulario son confidenciales, ser\u00e1n utilizados \u00fanicamente para ponernos en contacto con usted.*<\/span><\/i><\/p>\t\t\t\t\t\t\t\t<\/div>\n\t\t\t\t<\/div>\n\t\t\t\t<\/div>\n\t\t<div class=\"elementor-element elementor-element-328d710 e-con-full e-flex e-con e-child\" data-id=\"328d710\" data-element_type=\"container\">\n\t\t\t\t<\/div>\n\t\t\t\t\t<\/div>\n\t\t\t\t<\/div>\n\t\t\t\t<\/div>\n\t\t","protected":false},"excerpt":{"rendered":"<p>TALLER Somos un taller de mec\u00e1nica profesional, trabajamos todas las marcas de veh\u00edculos y ofrecemos servicios de agencia a precios accesibles, brindamos diagn\u00f3stico y asesor\u00eda personalizada a nuestros clientes.\u00a0 AGENDA TU CITA *Los datos recopilados en este formulario son confidenciales, ser\u00e1n utilizados \u00fanicamente para ponernos en contacto con usted.*<\/p>\n","protected":false},"author":2,"featured_media":0,"parent":0,"menu_order":0,"comment_status":"closed","ping_status":"closed","template":"elementor_header_footer","meta":{"footnotes":""},"class_list":["post-38","page","type-page","status-publish","hentry"],"aioseo_notices":[],"_links":{"self":[{"href":"https:\/\/eurorepuestos.com\/site\/wp-json\/wp\/v2\/pages\/38","targetHints":{"allow":["GET"]}}],"collection":[{"href":"https:\/\/eurorepuestos.com\/site\/wp-json\/wp\/v2\/pages"}],"about":[{"href":"https:\/\/eurorepuestos.com\/site\/wp-json\/wp\/v2\/types\/page"}],"author":[{"embeddable":true,"href":"https:\/\/eurorepuestos.com\/site\/wp-json\/wp\/v2\/users\/2"}],"replies":[{"embeddable":true,"href":"https:\/\/eurorepuestos.com\/site\/wp-json\/wp\/v2\/comments?post=38"}],"version-history":[{"count":61,"href":"https:\/\/eurorepuestos.com\/site\/wp-json\/wp\/v2\/pages\/38\/revisions"}],"predecessor-version":[{"id":1764,"href":"https:\/\/eurorepuestos.com\/site\/wp-json\/wp\/v2\/pages\/38\/revisions\/1764"}],"wp:attachment":[{"href":"https:\/\/eurorepuestos.com\/site\/wp-json\/wp\/v2\/media?parent=38"}],"curies":[{"name":"wp","href":"https:\/\/api.w.org\/{rel}","templated":true}]}}